late (-5 + (10 - 3) - 1) + -4.
-3
What is the value of -7 + 16 + -3 + 0?
6
12 + (-7 - 4) + 1
2
Evaluate 5 - (1 - -7) - -10.
7
Evaluate (-2 - -2) + -2 + 3 + -2.
-1
Evaluate -3 - (-1 - -2 - 2).
-2
Calculate -8 + 6 + 1 + 2.
1
Evaluate -34 + 33 + 2 + 0.
1
What is -4 - -3 - (-2 - -4 - 4)?
1
Calculate -6 + (0 - -21) + 0 - 6.
9
Evaluate 4 - (-4 - 1) - 8 - 3.
-2
What is -2 + 3 - (35 - 37)?
3
Calculate 1 + 0 + 0 - (52 - 58).
7
What is -4 + -1 + 4 - -3?
2
What is (-1 - -7 - (9 - 6)) + 2?
5
Calculate -8 - -3 - -10 - 1.
4
Evaluate -1 - -1 - (-5 + 2 + 1).
2
What is -8 + 12 + (-3 - -2 - 1)?
2
Calculate (5 - (-1 + -1)) + -3.
4
What is -6 - ((4 - 4) + -3)?
-3
Evaluate -7 + 14 - (-2 + 5 + -3).
7
What is the value of 104 + -105 + 0 + 7?
6
-1 + -3 + (-43 - -45)
-2
Evaluate -3 + 1 + -3 + (-1 - -3).
-3
Evaluate -3 + -5 - (1 + -11).
2
Evaluate 7 + -3 + (4 - 1) + -3.
4
What is (-6 - -4) + 3 - -1?
2
What is (-7 - -1 - (5 - 11)) + -6?
-6
Evaluate (3 - 7) + 3 + 3.
2
(10 - 11) + -2 + -1
-4
Evaluate 1 - 0 - (39 + -39).
1
What is the value of (1 - 11) + -78 + 91?
3
What is the value of -5 - (1 + -7 + (-6 - -2))?
5
What is the value of (12 - 6 - 6) + 0?
0
What is the value of (5 - ((-3 - -7) + 0)) + -5?
-4
What is 10 - (9 - 2) - (6 + -3)?
0
5 + -2 + (-1 - 4) + 3
1
Evaluate -6 + (-3 - -6) + -1.
-4
Evaluate (2 - 1) + (7 - (2 - -2)).
4
What is the value of 10 - (0 + 3) - 0?
7
What is the value of -1 - (1 - 7) - (-2 + 8)?
-1
What is the value of -6 - -3 - (17 + -25)?
5
35 - 38 - (-1 + -5)
3
(13 - 2) + -5 - (13 + -4)
-3
What is -1 + (2 - (7 - 0)) + 4?
-2
What is (-2 + 2 - 8) + 15?
7
Evaluate 1 - (4 - 5 - -2).
0
What is 1 + 0 - (5 + -8)?
4
Calculate -4 - -4 - 10 - (-1 - 4).
-5
Calculate 5 + (-6 - 4 - -7).
2
-4 + 7 - (-1 + 0)
4
Evaluate -3 + -2 + (1 - -4) + -4.
-4
(-1 - -4) + -2 + (-3 - -1)
-1
What is the value of 5 - (-1 + 8 - 4)?
2
Evaluate 0 + -1 + (-1 - (4 + -9)).
3
Calculate -5 - (-6 + 19 - 11).
-7
4 + -1 + -8 + 1
-4
Calculate -9 + 4 - (-2 - 4).
1
Evaluate 2 - 1 - (26 - 22).
-3
What is 5 - (2 + 6 - (1 + 3))?
1
What is (-2 - 7) + 0 - -6?
-3
Calculate 1 + 4 + -4 - -4.
5
-6 + (4 + -1 - 0 - 2)
-5
Calculate (-33 - -36) + (-1 - -2).
4
Evaluate 0 + (-4 - -1) + 0 + 8.
5
What is the value of 6 + -17 - (3 + (-11 - -2))?
-5
(2 - 2) + 7 + -9 + -3
-5
Calculate -2 + -4 + 2 - (-8 - -7).
-3
(-4 + 2 - 0) + -2 - 1
-5
(0 - 3 - -4) + 2
3
9 - 12 - (-5 - 0)
2
-8 - (-7 + 9 + -11)
1
Calculate -7 - (6 - (18 - 8)).
-3
Evaluate 16 + 0 + -11 + 3.
8
What is -7 + (7 - 3 - 1) - 4?
-8
What is the value of 3 - 7 - -4 - (-7 + 10)?
-3
What is -6 + (4 - 0 - (8 - 8))?
-2
What is the value of -24 - (5 + -5 + -14)?
-10
Evaluate 0 + -6 + 3 + 1.
-2
Calculate -1 + -1 - (1 + (-13 - -6)).
4
Evaluate 1 + -8 + 0 + 9 + 0.
2
What is 0 + (-6 + -1 + 4 - -2)?
-1
What is the value of 4 - (12 - -2 - 4)?
-6
What is the value of 1 - ((1 - 5 - -11) + -2)?
-4
Evaluate -2 + 0 + -71 + 75.
2
Calculate -3 - ((8 - 17) + 6) - -6.
6
(-4 - -1) + (1 - (-8 - -4))
2
What is -3 + (-3 - -2) + 2 + -3?
-5
(-6 + -4 - -4) + 6
0
What is the value of 1 + -5 + 2 + -3 + 5?
0
5 + (-3 - (-1 + 5 + 6))
-8
Calculate 18 + -17 + (4 - 6).
-1
Calculate -11 + 3 + 6 + 1.
-1
Evaluate 0 + -12 - (-4 + -4).
-4
(0 - 0) + (1 - 3)
-2
Calculate (-5 - (-5 + 0 + -6)) + -7.
-1
Calculate 4 + (-3 - (3 + (0 - 4))).
2
1 + -8 - (-27 - -15)
5
Evaluate 34 + -30 + -3 + 3 + 7.
11
(2 - -2) + 2 + (-236 - -220)
-10
What is 1 + -8 + 9 - 5?
-3
What is -6 + (5 - 2) + (-1 - -1)?
-3
What is the value of -7 - (-7 + -2 - -6)?
-4
What is -6 + 0 + 10 + 2?
6
Evaluate 8 - (2 - -7 - 6).
5
What is the value of 4 + -5 - 0 - -5 - 0?
4
7 - (6 + -7 + 14)
-6
Calculate 3 + -3 + 2 + -12 + 16.
6
Calculate -5 + 4 + -7 - (-12 - -10).
-6
What is the value of 0 + (0 + 0 - 3)?
-3
What is 10 + -12 + (0 - 0) - 2?
-4
What is -13 + (-11 - -4 - -17)?
-3
What is (3 - 1) + (3 - 9)?
-4
Evaluate (4 - (0 + 3 + 2)) + -6.
-7
Calculate 2 + (-1 - (-1 - 1)).
3
What is the value of 7 + 7 + -10 + 2?
6
What is the value of (1 - 7) + (-21 - -6) + 15?
-6
What is the value of (4 - (8 + -4 - 1)) + 0?
1
Evaluate 3 + 0 + 0 + 1 + -2.
2
What is the value of -2 + 14 + -11 - (3 + 1)?
-3
Evaluate -13 - (-1 + 3 - 5).
-10
What is the value of -5 + 14 + -9 - 1?
-1
Evaluate -1 + -3 + 4 + 4.
4
Calculate 14 + -9 - (-3 + 0).
8
30 + -29 - (1 + -3) - 4
-1
-2 + (-17 - (-1 + -8))
-10
Calculate 6 + -5 - 2 - -3.
2
4 - (3 + (6 - 7 - -6))
-4
Evaluate 1 - (-2 + 4) - -1.
0
What is the value of -5 - (6 + -10) - (-4 - 0)?
3
Calculate 0 - ((6 - 6 - -3) + -4).
1
What is the value of -1 + 2 - 13 - (10 + -16)?
-6
What is the value of -9 + (-2 - -7) - -1?
-3
What is -3 + 3 + (-13 + 6 - -12)?
5
Evaluate 0 - (3 + (-1 - 4)).
2
What is the value of 5 + -2 + -5 + -3?
-5
Calculate 1 + (1 - -6 - 5).
3
What is (1 - -3) + 3 + -8?
-1
Calculate -6 - (4 + (-5 - 0)).
-5
What is -8 + (-7 - -11) + (3 - 1)?
-2
Evaluate (-4 + 7 - 1) + 2 - 5.
-1
-2 + (5 - 5 - (1 + 1))
-4
Evaluate (3 - 0) + (0 - (-1 - -4)).
0
What is the value of -2 + -2 + 2 + 4?
2
Calculate -3 - -7 - 1 - 10.
-7
What is (-10 - -6) + (-2 - -1)?
-5
(2 - 1) + 26 + -26
1
Evaluate 5 + (1 - 5 - 0).
1
Evaluate (-4 - -1 - 1) + 4.
0
What is the value of 4 + -3 + -1 - -3?
3
1 - (-4 - (0 - 8))
-3
Evaluate 3 + -10 + 9 + 7.
9
What is (5 - -9 - -1) + -8?
7
Calculate -1 + -3 - ((-21 - 8) + 19).
6
Calculate 0 + (-1 - -3) + -4 + 3.
1
What is the value of (0 + -3 + 2 - -3) + -5?
-3
What is 2 + (-1 + 2 + -2 - -1)?
2
-5 + 12 + -7 + 5 + -10
-5
Calculate -5 - (-3 + -6 + 4 + -2).
2
Calculate 1 + 12 + (72 - 79).
6
What is the value of (21 - 18) + (2 - -2)?
7
Evaluate (-3 - -3) + (-2 - -5 - 7).
-4
5 + -9 + 1 + 4
1
What is 3 + (-6 - 0 - -1)?
-2
Calculate -1 + 2 + -7 - (-29 + 26).
-3
What is 6 + -10 + 0 + 4 + -6?
-6
What is the value of 6 + (-3 - 1) - -4 - 11?
-5
What is the value of 4 - (-7 + -1 + 13 + -1)?
0
What is the value of (3 - (10 - 6)) + 2 + 1?
2
Calculate 8 - (-9 - (-6 - 1)).
10
Calculate (9 + -1 + -5 - 9) + 6.
0
What is -4 + -3 + 14 + -5?
2
What is the value of (26 - 29) + (1 - -2)?
0
Calculate -8 - (-15 - (1 + -5)).
3
Calculate -8 - (-13 + 2) - -3.
6
What is (-7 - -4) + -2 - 2?
-7
What is the value of 12 + (-8 + 4 - 5)?
3
Evaluate -4 + (-5 - 0) + 4.
-5
Evaluate -1 - (-1 + 7 - (3 - 1)).
-5
What is 4 - (3 + (2 - 4))?
3
What is -2 + (3 - (-3 + -1) - 4)?
1
Evaluate 5 - (-1 + 5 - -2) - -2.
1
What is the value of 7 + (4 - 12 - 3)?
-4
What is -1 - (-2 + -1 + 3 - 3)?
2
-6 - (-7 + 3) - (1 + 2)
-5
What is the value of -1 + -1 + -2 + 7 + -5?
-2
Calculate -9 + 4 + 1 - -2.
-2
Calculate -2 + (-15 - (-9 + -3)).
-5
What is the value of -24 + 19 + (-1 - -5)?
-1
Calculate -1 - -19 - (118 - 108).
8
(-10 - 0) + 4 + 5 + 1
0
Evaluate (-10 + -4 - -8) + 11.
5
What is 0 - (0 - (3 - 2) - -4)?
-3
Calculate -1 + -20 - (167 + -181).
-7
What is the value of -1 + 1 - (-13 + 8)?
5
Evaluate (2 + -2 - (4 - 0)) + 0.
-4
What is the value of 5 + -12 - (-4 - -1)?
-4
Evaluate 15 - (4 - -16 - 4).
-1
What is the value of 2 + -3 + 3 + (-1 - 1)?
0
Evaluate (-63 - -62) + (0 - 0).
-1
What is -5 - ((0 - 5) + -33 + 37)?
-4
What is the value of (1 - -2) + (11 - 14)?
0
Evaluate -3 - -3 - (-7 - -3) - 4.
0
(0 - 3) + 2 + (25 - 22)
2
What is -2 + 8 + -6 + (0 - -2)?
2
Evaluate -1 - -1 - 1 - (-2 + 2).
-1
What is the value of -2 + 0 + -4 + 8?
2
Evaluate 4 - (0 + (2 - 3)) - -1.
6
Evaluate -2 + (4 - (7 + -6)) + -6.
-5
What is 26 - 14 - (-11 + 22)?
1
Evaluate (146 - 143) + (0 - -6).
9
-3 - -3 - 3 - (3 - 7)
1
What is (21 - 18) + 1 - (-5 - 0)?
9
What is 7 + -4 - 2 - 9?
-8
Calculate -1 + 6 - (13 - 9).
1
What is the value of -5 + -1 + 6 + 6?
6
15 + -15 + 6 + -7
-1
Calculate 1 - (4 - 3) - 3.
-3
107 + -110 + (5 - 1)
1
What is the value of (2 - 1 - 5) + 1 + -2?
-5
What is the value of (1 + -2 - 4) + (-5 - -5)?
-5
Evaluate 1 - (-2 + (0 - -4)).
-1
-3 - ((-5 - -3) + 1 - 4)
2
Evaluate 2 - (1 - 1) - (-12 - -16).
-2
(-3 - -1) + (17 - 7)
8
What is 6 + -6 - (-5 - -9)?
-4
3 - (23 + (-9 - -2) - 7)
-6
What is 0 + ((-9 - 0) + 4 - -8)?
3
What is 24 + -34 + (-2 - 0 - -8)?
-4
What is the value of -31 + 44 - (12 + -1)?
2
What is 11 - (4 - (4 + -8))?
3
Calculate 19 - 18 - (4 + (0 - 0)).
-3
2 + ((-5 - 0) + 1 - -3)
1
0 - -4 - 6 - -7
5
Evaluate 3 - -3 - (25 - 9) - -5.
-5
What is -3 + 1 + (5 - 1)?
2
2 - -2 - (-2 + 10)
-4
What is -6 - ((6 - 4 - 3) + -3)?
-2
What is the value of (8 - (-4 - 3)) + -9?
6
What is 